). Let m(q) = -16*q - 63. What is the remainder when 203 is divided by m(w)?
16
Let q(u) = 102*u**2 - 2*u + 1. Let w = 369 - 368. Calculate the remainder when q(w) is divided by 27.
20
Suppose 2*q = 3*z + 147, -7*q - 2*z + 388 = -64. What is the remainder when 16697 is divided by q?
65
Let c(t) = 25*t**3 - 2*t - 2. Let n be c(-1). Let u = n - -40. Suppose 0 = w - 53 + u. Calculate the remainder when 189 is divided by w.
37
Let k(g) = 3*g - 19. Calculate the remainder when (1 - -67)*(-1364)/(-176) is divided by k(9).
7
Let d = -173 - -153. What is the remainder when 60 is divided by (70 - 2)*(-5)/d?
9
Let v(r) = 6*r + 1. Let y be v(-1). Let i(p) = -4*p**3 - 119*p**2 + 28*p - 43. What is the remainder when (2/3)/(y/(-615)) is divided by i(-30)?
14
Let b be ((-420)/(-2))/6 + 3. Calculate the remainder when (93 - b)*4/10 is divided by 6.
4
Suppose -2*b = -13 - 11. Let t(k) = k**2 + 23*k + 169. What is the remainder when t(-14) is divided by b?
7
Suppose -4*t = 4*u - 24, 0 = 4*t - 0*u + u - 18. Suppose -p = -t*p. Suppose p = -5*z + 25, z = -v - v + 15. What is the remainder when 18 is divided by v?
3
What is the remainder when 2022 is divided by 135/15*(-20)/(-12)?
12
Suppose 15*j - 264 = 246. Let b(q) = q**3 - 8*q**2 + 6*q - 12. Let t be b(8). Let l = t - j. Calculate the remainder when 10 is divided by l.
0
Let c = 25228 - 24760. Calculate the remainder when c is divided by 191.
86
Let b be 4/(-30) - (-2 + 52/60). Let f(q) = 14*q**3 + 3*q**2 + 4*q - 4. What is the remainder when 219 is divided by f(b)?
15
Let k(p) = 9*p - 224. Let a(w) = 49*w + 4. What is the remainder when a(5) is divided by k(32)?
57
Suppose 2*l - 2*x = 6*l - 120, 0 = x + 2. What is the remainder when 87 is divided by l?
25
Suppose 67*k + 42*k - 33*k - 46132 = 0. What is the remainder when k is divided by 34?
29
Suppose 741 = -4*j - 4*q + 7*q, 3*q + 906 = -5*j. Let l = j + 200. Calculate the remainder when 113 is divided by l.
11
Suppose 50*i = -60*i + 880. Calculate the remainder when 239 is divided by i.
7
Let k = 501 - 457. Suppose -4*b = -7*b + 240. What is the remainder when b is divided by k?
36
Suppose -140*o - 3858 = -141*o + 4*x, 15432 = 4*o - 5*x. Calculate the remainder when o is divided by 4.
2
Suppose t - 119 = -f + 834, 5*t = f - 911. Calculate the remainder when f is divided by 40.
26
Let h(d) = 2*d**2 + 10*d + 8. Let y be h(-6). Suppose 2*l - 6*l + y = 0. Let r = -4145 + 4164. What is the remainder when r is divided by l?
4
Let k(o) = -10*o**2 - 164*o - 29. Calculate the remainder when 908 is divided by k(-16).
33
Suppose 2*x = 2*b + 889 + 177, 2*x - 3*b - 1063 = 0. Let h = -706 - -724. Calculate the remainder when (-6)/(-4)*x/12 is divided by h.
13
Suppose 3*b + b = 80. Suppose -4*j - b = -2*j + 2*h, 4*j = -3*h - 40. Calculate the remainder when 2*(-5)/25 - 674/j is divided by 10.
7
Let m = -35 - -48. Suppose -3*p + 48 = p. Let r(g) = -g**2 + 15*g + 14. What is the remainder when r(p) is divided by m?
11
Let c be (-6)/8 + (-52049)/(-124). Suppose c + 1101 = 38*h. What is the remainder when h is divided by 16?
8
Suppose n - 61 = 4*w, 388*n - 5*w - 255 = 384*n. Calculate the remainder when 697 is divided by n.
47
Suppose -l + d + 664 = 0, 0 = 37*l - 41*l - 4*d + 2696. Let t = l + -649. What is the remainder when t is divided by 13?
7
Suppose -15 = r + 4*f, -r - 20 = f + 4. Let h = -19 - r. Let o = -681 - -697. Calculate the remainder when o is divided by h.
0
Suppose 0 = -5*k - 3*t + 613, -1512*k = -1514*k + 5*t + 208. What is the remainder when 723 is divided by k?
9
Let u(c) = -c**3 + 9*c**2 + 6*c + 45. Calculate the remainder when 7531/153 + 2/(-9) is divided by u(10).
4
Suppose 5*b - 3*b + 4*g = 2182, -5*b - 9*g + 5450 = 0. What is the remainder when b is divided by 31?
27
Let p be 4/56*-4 + 478/7. Suppose -2*n - 62 + p = 0. Suppose -n*u - 600 = -13*u. Calculate the remainder when 179 is divided by u.
59
Let a = -746 + 490. Let x = a - -378. What is the remainder when x is divided by 31?
29
Suppose 46*n - 51*n = -3*a - 4372, 3*n - 2604 = -3*a. What is the remainder when n is divided by 214?
16
Let p be (4/(-6))/(736/(-246) - -3). Let d = p + 86. Suppose -q + 4 = 0, -d*y + 5*q + 97 = -31. Calculate the remainder when y is divided by 8.
5
Let p(k) = k**3 - 7*k**2 + 21*k + 7. Let x be p(9). Let o = 396 - x. Calculate the remainder when o is divided by 9.
2
Suppose 2*v = -j + 156, -69 = -v + 20*j - 16*j. Calculate the remainder when v is divided by 6.
5
Suppose 2*g = 311 + 985. Suppose 9*l = l + g. Let h = l - 68. Calculate the remainder when h is divided by 9.
4
Let s = -16 + 23. Let g(p) = p**3 - 5*p**2 - 6*p - 15. Let t be g(s). Let a = t - -52. Calculate the remainder when a is divided by 48.
45
Let b = -335 + 392. Suppose 159 = i + b. What is the remainder when i is divided by 18?
12
Let f(z) = 3*z + 7. Let d = 4 - -3. Suppose -d = 6*a + a. Calculate the remainder when 18 is divided by f(a).
2
Suppose -2023*w + 2052 = -2011*w. Calculate the remainder when 2049 is divided by w.
168
Let s(p) = p**3 - 6*p**2 + 5*p - 16. Calculate the remainder when 11/(-3) - 2/(-3) - -29 is divided by s(6).
12
Suppose 44296 + 35742 = 14*o. Calculate the remainder when o is divided by 143.
140
Let n(b) = 9*b**2 - 20*b + 7. What is the remainder when n(-7) is divided by 47?
24
Let f = -5462 + 5482. Calculate the remainder when 2291 is divided by f.
11
Let s(b) = 10*b - 6. Let x be s(-2). Let h be 40*((-3)/(-2) + 1/(-1)). Let q = h - x. What is the remainder when q is divided by 12?
10
Suppose -5*d + 10*d - 815 = 0. Suppose 13*b + 38 = w + 10*b, 3*w + 2*b - 125 = 0. What is the remainder when d is divided by w?
40
Let k be 693/(-14)*(-170)/51. Let t be 0*2/4 - -7. Suppose t*y = 2*y + k. Calculate the remainder when 129 is divided by y.
30
Suppose 12*d + 62*d + 114*d = 1232152. Calculate the remainder when d is divided by 19.
18
Suppose -12*m = -16*m. Let w(p) = 2*p**2 + 2*p + 169. What is the remainder when w(m) is divided by 34?
33
Let j be 2 - 57 - (1 + 0). Let t = j + 69. What is the remainder when 77 is divided by t?
12
Suppose 0 = 471*w - 482*w + 242. What is the remainder when 141 is divided by w?
9
Let g(r) = -5*r + 3. Let f(d) = d**3 - 7*d**2 + 22*d - 94. Let c be f(6). What is the remainder when 140 - (c + 9 - 8) is divided by g(-5)?
25
Let y(d) = 61*d**2 - 65*d + 133. Calculate the remainder when 742 is divided by y(2).
1
Calculate the remainder when 1724 is divided by ((-38)/(-6))/(((-1120)/(-525))/32).
14
Suppose 0 = -2*k, -5*k + 9474 = p + 5519 - 8998. Calculate the remainder when p is divided by 34.
33
Suppose -p + 149 = 55. Suppose -p = -5*x - 3*o, -3*x = o - 0*o - 54. Suppose n - 24 = -t, -2*n + 6*t = 10*t - 36. What is the remainder when n is divided by x?
13
Let g(z) = 8*z**2 + 25*z - 25. What is the remainder when 1299 is divided by g(-5)?
49
Suppose 0 = -3*a - y + 1073, -9*a = -4*a + 4*y - 1779. Let h = a + -158. Let w = h + -123. What is the remainder when w is divided by 20?
18
Let n = -29 + 64. Let v(b) = -b**3 + 4*b**2 + 81. Calculate the remainder when v(5) is divided by n.
21
Let p(n) = n**2 + 42*n + 465. Calculate the remainder when 351 is divided by p(-21).
15
Suppose -29 + 117 = -4*w. Let y be ((-15)/6)/5 - (-183)/6. Let i = y + w. Calculate the remainder when 12 is divided by i.
4
Suppose 458*g = 469*g - o - 226, 4*g - 68 = -2*o. Calculate the remainder when 2/(-5) - 1364/(-10) is divided by g.
16
Let w(c) = 3*c - 4. Let j be w(2). Suppose s - 3 = -j*s. Calculate the remainder when 31 + -19 + 1/3 + (-88)/12 is divided by s.
0
Suppose 98 = -3*b + 5*b. Let c = -46 + b. Suppose -2*d = 0, 228 = 4*t - d + c*d. Calculate the remainder when t is divided by 31.
26
Suppose 4*c - 660 = 5*n - 247, 5*n = -c + 72. Suppose k = j - c, -3*j + 2*j = 2*k - 106. Calculate the remainder when j is divided by 26.
22
Suppose 4*k + 215 = 5*d, -4*d + 3*k - k + 166 = 0. What is the remainder when 44/(-286) + 11664/104 is divided by d?
34
Suppose x - 74 = -80, -4*k + 218 = -3*x. Calculate the remainder when 1497 is divided by k.
47
Let j(z) = 6*z**2 - 7*z - 335. Calculate the remainder when j(-11) is divided by 124.
96
Let b = -48 + 55. Let n(g) = 24*g - 112. What is the remainder when 501 is divided by n(b)?
53
Suppose 2*p + 25 = 33. Suppose -2*a + 56 - p = 0. Calculate t